git of x(l)?
2
Suppose 0 = -2*t + 7*t + 625. Let j = -26 - t. Suppose -j = -4*p + 37. What is the units digit of p?
4
Suppose -3*q + 9 = 18, -u = 4*q - 5424. What is the thousands digit of u?
5
Suppose -21 + 1 = -4*w. Suppose -w*c = 18*c - 920. What is the tens digit of c?
4
Let x(c) be the first derivative of c**3/3 + 43*c + 8. What is the tens digit of x(0)?
4
Suppose 3*b = -y + 424, b + 4*y - y = 128. Let r = -89 + b. What is the tens digit of r?
5
Let m be (-399)/28*(-32)/3. Suppose 2*n - m = 2*h, n + h = -n + 140. What is the tens digit of n?
7
Suppose 10 = o + o. Suppose -2*l + 4 = 0, o*d + 3*l + l - 358 = 0. What is the tens digit of d?
7
Let f be 3 - (7 - 0) - -272. Suppose -f = 2*r + 3*c, 4*r + 3*c = 3*r - 134. Let d = -95 - r. What is the units digit of d?
9
Suppose 0 = g + 3, 0*r - 2*r + 2 = 4*g. What is the units digit of 81/(4 + (4 - r))?
1
Let u(i) = 3*i**3 - 2*i**2 + 4*i - 1. Suppose -6 = -9*p + 6*p. What is the units digit of u(p)?
3
Suppose 3*t - 38 = -r, 0 = 8*t - 3*t - r - 58. What is the units digit of t?
2
Suppose 0 = 2*p - 4*p + 524. Suppose -6*l + 20 + p = 0. What is the tens digit of l?
4
What is the hundreds digit of (15/25*5 + -4)*-442?
4
Suppose 52514 = 46*i - 24*i. What is the hundreds digit of i?
3
Let t be 98/21 + ((-15)/9 - -2). Suppose -j - 50 = -2*h + h, -j - 254 = -t*h. What is the units digit of h?
1
Let u be (1 + -101)/(-1) + 0. Let v = 193 - u. What is the units digit of v?
3
Suppose -20 = 12*u - 14*u. What is the tens digit of 1/5 + 1 + 178/u?
1
Suppose -9 = 3*g + 6. Let u(f) = f**3 + 5*f**2 - f - 1. Let i be u(g). Let l(y) = 5*y + 7. What is the tens digit of l(i)?
2
Suppose -4*h + 24 = -0*h. Suppose h*r = 3*y + 2*r - 329, -4*r + 131 = y. What is the units digit of y?
5
What is the tens digit of (1810/4)/(35/(-14) - -3)?
0
Suppose 6*o - 819 = 429. What is the hundreds digit of o?
2
Let x(v) = v - 4. Let s be x(4). Suppose 4*g + 0*g + 36 = s. Let u = 19 + g. What is the units digit of u?
0
Let w(t) be the first derivative of -6 + 5*t + t**3 - 5/2*t**2. What is the tens digit of w(4)?
3
Let y be (-1)/4 + (-6)/8. Let h(u) be the third derivative of u**5/15 - 5*u**2. What is the units digit of h(y)?
4
Let f = -85 + 97. Suppose -564 = -f*t + 564. What is the tens digit of t?
9
Let z(b) = -2*b**2 + 4*b - b**2 + 0*b**2 + b**3. Let k be z(3). Let p = k + -6. What is the units digit of p?
6
Let n(d) = 2*d - 12. Let p be n(7). What is the units digit of (p - (-106)/(-4))*-8?
6
Let d(y) be the third derivative of y**6/120 + 2*y**5/15 - 3*y**4/8 + y**3 + y**2. Let v be d(-9). Let f = v - -5. What is the units digit of f?
1
Suppose -u + 3 + 53 = 0. Suppose -10*c + 37 - 17 = 0. Suppose t - c*m = -t + u, m = -5*t + 146. What is the units digit of t?
9
Let m = 72 - 72. What is the units digit of (-521)/(-6) - (m + 2/(-12))?
7
Let y = 2950 + -1859. What is the thousands digit of y?
1
Let h(a) = a**3 + 8*a**2 + 6*a - 11. Let u be (-1)/(0 + -2 + 1). Let g be (4 - (12 - 1)) + u. What is the tens digit of h(g)?
2
Suppose -u = 2*n - 1215, -3*n = -4*u + 2983 + 1855. What is the units digit of u?
1
Let j(d) = d**3 - 3*d**2 + 2. Let u be j(3). Let s(l) = -l**3 + l**2 + 3*l + 1. Let h be s(u). Suppose 0 = -h*c + 4*c - 21. What is the tens digit of c?
2
Let i(u) = -u**3 - 11*u**2 - 9*u + 10. Let b be i(-10). Let l be (b - -1)*(-5 - 10). What is the units digit of (-4)/10 + (-141)/l?
9
Let f = 271 + -167. Suppose 2*c - 18 = -3*k, c = -3*c - k + 16. Suppose -o + 6*z - z + 43 = 0, 0 = 4*o - c*z - f. What is the tens digit of o?
2
Let b = -5 - -21. Let d be 1052/b - (-1)/4. Suppose 3*w + 13 = k, 2*k + 5*w + d = 6*k. What is the tens digit of k?
1
What is the tens digit of (-201 + -13)/(-4*(-3)/(-18))?
2
Let s(d) = -d**2 + 6*d - 19. Let w be s(13). Let v = w - -192. What is the units digit of v?
2
Let p(l) = -l + 1. Let w(m) = 2*m - 1. Suppose 9 = 2*c - 5*x, 4 = 4*c + 4*x - 0*x. Let t(z) = c*w(z) + 3*p(z). What is the units digit of t(4)?
5
Let o = -226 + 439. What is the units digit of o?
3
Let c = -91 - -53. Let t = c - -120. What is the units digit of t?
2
Suppose 3 - 20 = -5*t - 2*y, -3*t + 35 = -5*y. Let g(d) = 5*d - 2. What is the tens digit of g(t)?
2
Let y(k) = -k**3 + 8*k**2 + 3. Let i be y(8). Let r be (-2)/4*(-36)/6. Suppose -33 = -i*b + r. What is the units digit of b?
2
Suppose -2779 = -10*j + 951. What is the tens digit of j?
7
Let p = -3 - 3. Let f be p/(-9) - (-52)/(-6). Let v = 25 - f. What is the units digit of v?
3
Suppose 64 + 96 = 5*v. Let q = v + 19. Let b = q - 35. What is the units digit of b?
6
Let f(q) = 6*q + 4. Let w be f(0). What is the tens digit of 3/(-42)*w - 604/(-7)?
8
Let n(d) = 55*d**2 - 2*d - 2. Let m be n(-1). Suppose 1 = -y, 3*p - 188 = 4*y - m. What is the units digit of p?
3
Let x(j) = 8 - 133*j + 5 + 127*j. What is the units digit of x(-12)?
5
Let s(d) = 2*d - 4*d - 1 - 6 - 1. Let h be s(-6). Suppose -h*t - g + 0*g = -148, 0 = -3*t - 2*g + 106. What is the units digit of t?
8
Let k = -2213 - -3131. What is the units digit of k?
8
Suppose -10*o + 3122 = -1338. What is the tens digit of o?
4
Let i(h) = 4*h**2 - 5*h + 6. Let x be i(6). Suppose -3*c = -4*s - 203, -2*s + x = 2*c + 3*s. What is the tens digit of c?
6
Suppose 0 = -4*d - 7 - 9. Let l be (d + 3)/((-2)/(-4)). What is the units digit of l*(-3 - (-12)/(-8))?
9
Let n be (5/(-2))/((-1)/2). Let b = -1405 + 1864. Suppose -144 = n*s - b. What is the units digit of s?
3
Suppose 2*f - 4*d = -d + 6, -3*d = f - 3. Suppose 0*h - 3 = -h + 4*s, -f = -h + 5*s. What is the units digit of h?
3
Let p(x) be the second derivative of -1/6*x**3 + 0 + 23/2*x**2 - 3*x. What is the tens digit of p(7)?
1
Let x = -2948 - -5019. What is the units digit of x?
1
Let v = 11 - 2. Suppose -3*o = o - 340. Suppose -o = 4*a - v*a. What is the tens digit of a?
1
Let u(z) = 2*z - 5. Let a be u(5). Suppose -4*q = -4*g - 386 + 46, 5*q = -a*g + 395. What is the tens digit of q?
8
Let r(q) = -3*q**3 - 12*q**2 - 18*q - 75. What is the hundreds digit of r(-8)?
8
Let a be (-1 + 2/4)*6. Let s(p) = -p**3 + 3*p**2 - 4*p - 2. What is the tens digit of s(a)?
6
Let z = -7 - -11. Suppose -3*y + z = -2*y. Suppose -21 = y*d - 65. What is the tens digit of d?
1
What is the units digit of 2091/(-2)*(-80)/120?
7
Suppose 6*j - 7*j + 3 = 0. Suppose 5*r + 58 + 24 = 2*g, 0 = j*g - 3*r - 141. What is the units digit of g?
1
Let m(w) = 5*w + 15. What is the tens digit of m(2)?
2
What is the thousands digit of (63 + -67)*149/8*-58?
4
Suppose 2*t - t = 49. Let l = t + 19. Suppose -q + l = q. What is the units digit of q?
4
Let m be 34/221 - 401/(-13). Let h = -2 + m. What is the units digit of h?
9
Suppose 3181 - 581 = 8*k. What is the hundreds digit of k?
3
Suppose 0 = 4*y - 1240 - 3836. What is the tens digit of y?
6
Let c(i) = i**3 - 4*i**2 - 6*i + 7. Let t be c(5). Suppose 192 = 7*w - 4*w - t*g, 0 = g. Suppose -x - w = -5*x. What is the units digit of x?
6
Suppose -f - 3*j - 4 = 1, 45 = -2*f + j. Let r = 21 + f. Let s(b) = 18*b**3 - b**2 + b. What is the units digit of s(r)?
8
Suppose -2*p + 1400 = y, -y + 7*p - 3*p = -1370. What is the units digit of y?
0
Suppose 0 = -3*a + 4*a - 5. Suppose -10*w + 315 = -a*w. What is the units digit of w?
3
Let m = 14 - 24. Let a = 18 - 43. What is the units digit of (54/15)/(m/a)?
9
Let b(c) be the second derivative of -c**2 - 3*c**3 + 5*c**3 - c**3 - c. What is the units digit of b(4)?
2
Let m = 7 - 3. Suppose -3*q = m + 2. What is the units digit of (2/(-1))/(q/43)?
3
Suppose 5*i - 8*i = -57. Let t(u) = u**3 - u + 5. Let y be t(0). Suppose -y*m + 51 = -i. What is the units digit of m?
4
What is the hundreds digit of (-12 + 14)/(2 - (-813)/(-408))?
2
Suppose 5*u + 11 + 19 = 0. Let i be 429/(-22)*(-4)/u. Let p(r) = r**3 + 14*r**2 + 10*r + 19. What is the units digit of p(i)?
8
Let y be (-72)/45*(-5)/2. Suppose 5*p - 5 = 3*u, -2*p = -3*u - 6*p + 4. Suppose i + y - 17 = u. What is the tens digit of i?
1
Let d(m) = 3*m**2 - 8*m + 9. Suppose 2*x - 8 = -0. What is the tens digit of d(x)?
2
Let c(t) = -t**2 - 15*t + 18. Let o be c(-16). Suppose 0 = -o*k + k. Suppose k = -j + 5*j - 68. What is the units digit of j?
7
Let k(t) = -311*t**2 + 4*t + 5. Let h be k(-1). Let g = h - -447. What is the units digit of g?
7
Let q(v) be the first derivative of 2*v**3 - 2*v**2